5. Let g be l(c). Suppose 6*j = -g*r + j + 100, 2*r - 34 = -5*j. What are the prime factors of r?
2, 11
Let u = -80 + 40. Let g = u - -98. What are the prime factors of g?
2, 29
Let h(l) = 174*l**3 - l**2 + 9*l - 22. List the prime factors of h(2).
2, 173
Let t(k) = 5*k**2 + 1. Let w(m) = 6*m**2 + 1. Let y(a) = -3*t(a) + 4*w(a). List the prime factors of y(4).
5, 29
Suppose -13*y = 2*y - 11490. List the prime factors of y.
2, 383
Let u(v) = 2*v**2 + 5*v - 22. Let t(m) = m**2 + 3*m - 10. Let w(s) = 5*t(s) - 2*u(s). Let i(j) = j + 9. Let a be i(-4). List the prime factors of w(a).
2, 11
List the prime factors of (3 - -1)/(104650/(-11634) + 9).
3, 277
Let s(x) = x**2 - 18. Let g be s(0). Let p = -15 - g. Suppose -4*z - 3 = -p*c + 67, -4*z + 8 = 0. What are the prime factors of c?
2, 13
Let n(s) be the second derivative of s**5/20 + 4*s**4/3 - s**3/2 - 14*s**2 - 31*s. List the prime factors of n(-15).
2, 11
Let n(j) = 5*j - 1 + j**2 - 1 - 3. Let f be n(-7). List the prime factors of ((-174)/f)/(8/(-12)).
29
Let h be (-1 - -6) + 112 + -3. Let y = 62 + -28. Suppose -y - h = -4*i. List the prime factors of i.
37
Let h = 35 - 49. Let a = 29 + h. What are the prime factors of a?
3, 5
Let h = -43 - -71. Suppose -h = -2*k - 2*k. Let q(n) = -n + 31. List the prime factors of q(k).
2, 3
Let r(m) = m**3 - 20*m**2 - 21*m + 2. Let s be r(21). Suppose 4*v + s*k + 2*k = 1204, -1481 = -5*v + 3*k. What are the prime factors of v?
2, 149
Suppose 3*l - 1198 = 947. List the prime factors of l.
5, 11, 13
Suppose 35 = 4*m - x, 43 = 5*m + 3*x - 22. Let k(h) = -1 - 11 + 3 - h + h**2 - 4*h. List the prime factors of k(m).
41
Suppose 0 = -2*h - 0*h + 232. Let f = 461 + -449. List the prime factors of (0 + h/f)*3.
29
Let b(o) = -o**2 - 1. Let x be b(3). Let d(t) = -3*t - 18. List the prime factors of d(x).
2, 3
Suppose -a + 4*n + 427 = 0, 1720 = -0*a + 4*a - 4*n. List the prime factors of a.
431
Suppose -4*b - 5*k + 20 + 5 = 0, -3*k + 15 = -3*b. Suppose -8*z + 754 + 1198 = b. List the prime factors of z.
2, 61
List the prime factors of (-524)/(-14)*(4 - (11 + -21)).
2, 131
Suppose 4*u - 1334 = 2806. What are the prime factors of u?
3, 5, 23
Let g(p) = 97*p**2 + 10*p - 23. List the prime factors of g(3).
2, 5, 11
Suppose 0 = g - 2*h - 41, -6*g + 2*h + 82 = -4*g. List the prime factors of g.
41
Suppose 2*h + 10 = -d + 15, h + 47 = 5*d. List the prime factors of d.
3
Let z = -48 - -35. Let n(q) = q**2 + 11*q + 29. List the prime factors of n(z).
5, 11
Let g = 116 + -113. Suppose -4*m = -3*z + 530, g*m - 145 = -z - 2*m. What are the prime factors of z?
2, 5, 17
Let o = -2 + 0. Let h be (16/(-32))/(o/(-4)). What are the prime factors of (-585)/3*h/3?
5, 13
Suppose 2*u = 3*g + 4, 3*g + 3 = u + 1. Let t(a) be the third derivative of a**4/24 + 9*a**3/2 + 3*a**2 - 6. List the prime factors of t(g).
3
Let b be (2/4)/(3/498). Suppose 0 = -2*k + a - 113, 2*a - 5*a - 133 = 2*k. Let d = b + k. List the prime factors of d.
2, 3
Let z = -17 + 10. What are the prime factors of 112/z*(-3 + 1)?
2
Let l be ((-1)/(-1))/((-2)/(-36)). Suppose -3 = -3*q + 3. Let f = q + l. List the prime factors of f.
2, 5
Let b(z) = z**2 + 8*z + 12. Let u be b(-4). What are the prime factors of 486/(-3 - -1)*(u + 3)?
3
Suppose 5*r - 25 = 35. Suppose -3 - r = -x. Let l = x - 1. What are the prime factors of l?
2, 7
List the prime factors of (-40464)/(-32)*4/3.
2, 3, 281
Let h(q) = 4*q**2 - q - 6. Let r be h(6). Suppose j = 4*s + r, 2*s - 3*s + 331 = 3*j. List the prime factors of j.
2, 7
Let n(w) = -w**3 + 3*w**2. Let j be n(3). Suppose -3*r + 598 + 151 = 4*h, j = 2*r + 2. What are the prime factors of h?
2, 47
Let f(d) = d**3 - 13*d**2 + 14*d. Let x be f(13). Let o = x - 1. What are the prime factors of o?
181
Let p = -44 - -48. Suppose p*i - 25 = -k + 107, -4*i = -4*k + 548. What are the prime factors of k?
2, 17
Let n(s) = 48*s - 202. What are the prime factors of n(34)?
2, 5, 11, 13
Suppose -8*l + 16374 + 5082 = 0. What are the prime factors of l?
2, 3, 149
Let l = 43 + 62. Let j = l + -47. What are the prime factors of j?
2, 29
Suppose -77 = -3*x - 4*c, -c + 22 = x - 4. Suppose -2*w - w + x = -g, 3*w - 18 = -2*g. Let v = w - 6. List the prime factors of v.
2
Suppose 150*m - 89*m = 283284. List the prime factors of m.
2, 3, 43
Let x(h) = 1142*h**3 + 3*h**2 - 2*h. What are the prime factors of x(1)?
3, 127
Let s = 6146 + -3958. What are the prime factors of s?
2, 547
Let o(j) = 32*j**2 - 5*j - 2. Let m be -3 + (-17)/34*(0 + 0). What are the prime factors of o(m)?
7, 43
Let d(v) = 18*v**2 - 2*v - 10. List the prime factors of d(-4).
2, 11, 13
Let f = 13 - -4. Suppose 2*h = -f + 1. List the prime factors of 45 - h/((-2)/1).
41
Let p(k) = 20*k**2 + 3*k - 103. List the prime factors of p(-11).
2, 571
Let j = 3291 - 216. List the prime factors of j.
3, 5, 41
Let w(s) = -s**2 + 7*s + 10. Let l be 8/((-3)/12*-4). Let u be w(l). Suppose 24 = u*y - 0. List the prime factors of y.
2, 3
Let b(s) = s**3 - 12*s**2 - 53*s - 44. What are the prime factors of b(19)?
2, 3, 41
What are the prime factors of ((-4)/8 - 1)/((-15)/33730)?
3373
Let v(o) be the second derivative of -17*o**3/6 - 19*o**2 + 20*o. List the prime factors of v(-15).
7, 31
Suppose 6*g - 5615 + 593 = 0. List the prime factors of g.
3, 31
Let q be (4 + -2)/(34/(-12) - -3). Suppose 4*c - 134 + 38 = 0. Let k = c - q. List the prime factors of k.
2, 3
Let g = 39 - 7. Suppose 4*f - g = 4*v, f + 0*f - 4*v = 14. List the prime factors of f.
2, 3
Let f = -26 - -30. Suppose -185 - 19 = -4*n - 4*k, f*n + k = 189. What are the prime factors of n?
2, 23
Suppose -4*u = 4*v - 2676, 0 = -4*v + 5*u + 1269 + 1416. What are the prime factors of v?
2, 5, 67
Let w(r) = -16*r - 9. Let z be w(-7). Suppose 2*i - 128 = -4*l, -4*l - 5*i + z = -l. What are the prime factors of l?
31
What are the prime factors of ((-9)/((-189)/60) + -2)*945?
2, 3, 5
Suppose -4*m - 8 = -4*v + 16, -2*v + 6 = 4*m. Suppose 860 = v*c + 5*h, -5*h = -0*h. What are the prime factors of c?
2, 43
Suppose -5*x = -t - 9213, -19*t + 22*t - 7378 = -4*x. What are the prime factors of x?
19, 97
Suppose 0 = 9*f + 2*f - 2189. Let d = f + -99. What are the prime factors of d?
2, 5
Suppose 3*g + 0*g - 5*z - 29 = 0, g - 5*z = 13. Let l(n) = 13*n + 5. List the prime factors of l(g).
109
Suppose -14*n - 2028 = -16*n. List the prime factors of n.
2, 3, 13
Let u = 469 + 1022. List the prime factors of u.
3, 7, 71
Let h = 77 + -57. Suppose -h*n = -15*n - 1385. List the prime factors of n.
277
Suppose 19*m + 6964 = 23*m + i, 0 = -m + i + 1746. What are the prime factors of m?
2, 13, 67
What are the prime factors of (4/4)/(3/3210)?
2, 5, 107
Let a be (1/(5/(-10)))/((-4)/(-210)). List the prime factors of ((-7)/(-3))/((-631)/a - 6).
5, 7
Let v = -4 + 6. Let c be (-2)/v*(2 - 0). List the prime factors of (c + 7)*3 - -3.
2, 3
Suppose -4*m = m - 105. Let v = m - 21. Suppose -3*w = -42 - v. What are the prime factors of w?
2, 7
Let g(n) = 2*n**2 - 6*n - 7. Let s(l) = -l**3 + 2*l**2 + 9*l - 7. Let w be s(4). What are the prime factors of g(w)?
29
Let r = 17 + 86. Let q = r - 47. List the prime factors of q.
2, 7
Let u(a) = 62*a + 3. Let s be u(-2). Let o = -55 - s. Suppose -13 = q - o. List the prime factors of q.
53
List the prime factors of 14 - -1 - (-8 - -7).
2
Let v(i) = i**2 - 4*i + 95. List the prime factors of v(19).
2, 5, 19
Let h(b) = b**3 - 5*b**2 - 9*b + 5. Let a be h(7). Let i = a - -9. What are the prime factors of i?
7
Let u be -2*(-10)/15*(-9)/12. What are the prime factors of (u + (-11)/(-3))*(-135)/(-18)?
2, 5
Let y(h) = 2*h + 11. Let j be y(-5). Suppose 2*d + j = -13. Let x(v) = 2*v**2 + 11*v + 10. What are the prime factors of x(d)?
31
Let d = 76 - 54. Let r = d + 28. Suppose -i = 8 - r. List the prime factors of i.
2, 3, 7
Let x be (-1 + 60)*-10 - 5. Let q = x - -855. List the prime factors of q.
2, 5, 13
Let d(l) = 4*l + 17. Let o be d(-3). Suppose x - 20 = 2*z - 5*z, -o*x + 25 = 0. What are the prime factors of z?
5
Let o(a) = -a + 7. Let n be o(4). Suppose -n*m = -506 + 50. What are the prime factors of m?
2, 19
Let t be ((-5)/(-2))/(2/(-28)). Let w be (-12)/(-66) + t/11. List the prime factors of 1 + (2 + -71)/w.
2, 3
Let w(r) = -51*r + 419. What are the prime factors of w(-11)?
2, 5, 7
Let m(f) = -4*f**3 